156.
78
What is the greatest common divisor of 1387 and 4526?
73
What is the greatest common factor of 48 and 15?
3
What is the greatest common factor of 80 and 230?
10
Calculate the greatest common divisor of 28 and 20524.
28
What is the greatest common divisor of 55818 and 18?
18
What is the greatest common divisor of 4017 and 2781?
309
Calculate the greatest common factor of 207 and 368.
23
Calculate the greatest common divisor of 610 and 110.
10
What is the greatest common factor of 1520 and 95?
95
What is the greatest common divisor of 385 and 70?
35
Calculate the highest common factor of 238 and 102.
34
What is the highest common factor of 810 and 18?
18
Calculate the greatest common divisor of 822 and 6.
6
What is the highest common factor of 8333 and 13?
13
What is the highest common factor of 413 and 1003?
59
What is the greatest common factor of 4 and 394?
2
Calculate the greatest common factor of 36 and 1962.
18
What is the greatest common divisor of 4715 and 460?
115
Calculate the highest common factor of 785 and 1256.
157
What is the highest common divisor of 36 and 660?
12
Calculate the greatest common factor of 14 and 490.
14
Calculate the greatest common factor of 216 and 8.
8
Calculate the highest common divisor of 248 and 56.
8
Calculate the greatest common divisor of 49 and 27832.
49
Calculate the highest common factor of 88 and 506.
22
Calculate the highest common factor of 768 and 60.
12
What is the greatest common factor of 7011 and 285?
57
What is the greatest common factor of 91 and 793?
13
What is the highest common divisor of 16160 and 160?
160
What is the highest common factor of 3243 and 188?
47
What is the greatest common factor of 963 and 9?
9
Calculate the greatest common factor of 64 and 14.
2
What is the greatest common divisor of 19 and 25764?
19
Calculate the highest common factor of 1475 and 177.
59
Calculate the highest common factor of 3819 and 399.
57
Calculate the highest common divisor of 135 and 25.
5
What is the highest common factor of 23 and 184?
23
Calculate the greatest common factor of 390 and 30.
30
What is the greatest common factor of 16 and 5000?
8
Calculate the greatest common factor of 3612 and 12.
12
What is the highest common factor of 63 and 387?
9
What is the greatest common divisor of 64 and 36?
4
What is the highest common factor of 1958 and 22?
22
What is the greatest common factor of 26 and 481?
13
What is the greatest common divisor of 2839 and 334?
167
What is the highest common divisor of 148 and 1887?
37
What is the highest common divisor of 126 and 567?
63
What is the greatest common factor of 440 and 176?
88
What is the highest common divisor of 6 and 2916?
6
Calculate the highest common factor of 205 and 287.
41
Calculate the highest common factor of 67000 and 250.
250
What is the highest common divisor of 56 and 3038?
14
What is the highest common divisor of 280 and 20?
20
Calculate the greatest common divisor of 38 and 703.
19
Calculate the greatest common factor of 15201 and 27.
27
Calculate the highest common divisor of 2415 and 105.
105
Calculate the highest common factor of 43 and 731.
43
Calculate the greatest common factor of 25 and 15.
5
Calculate the highest common divisor of 41779 and 41.
41
What is the greatest common divisor of 154 and 7?
7
What is the highest common divisor of 56 and 3934?
14
What is the greatest common factor of 320 and 576?
64
Calculate the highest common divisor of 36 and 9738.
18
Calculate the highest common divisor of 774 and 36.
18
Calculate the highest common divisor of 3 and 31.
1
What is the highest common factor of 100 and 140?
20
What is the greatest common divisor of 8 and 4364?
4
What is the greatest common factor of 95 and 513?
19
Calculate the greatest common factor of 144 and 240.
48
What is the highest common divisor of 105 and 1680?
105
Calculate the highest common divisor of 1464 and 48.
24
Calculate the highest common divisor of 9 and 387.
9
What is the greatest common factor of 338 and 78?
26
What is the highest common divisor of 2500 and 20?
20
What is the greatest common divisor of 168 and 728?
56
Calculate the highest common divisor of 11825 and 430.
215
What is the greatest common divisor of 132 and 1023?
33
Calculate the highest common divisor of 126 and 3402.
126
What is the greatest common factor of 300 and 1050?
150
What is the greatest common divisor of 2 and 1262?
2
What is the highest common factor of 32 and 1600?
32
Calculate the highest common factor of 46 and 713.
23
Calculate the greatest common factor of 68 and 102.
34
Calculate the greatest common divisor of 988 and 1216.
76
Calculate the highest common factor of 1160 and 300.
20
What is the highest common divisor of 80 and 11024?
16
What is the greatest common factor of 88 and 825?
11
Calculate the greatest common divisor of 300 and 660.
60
What is the greatest common factor of 225 and 2490?
15
Calculate the greatest common divisor of 56 and 56.
56
Calculate the highest common divisor of 9192 and 36.
12
Calculate the greatest common factor of 20 and 10480.
20
What is the highest common factor of 1130 and 10?
10
What is the highest common divisor of 52119 and 9?
9
What is the greatest common factor of 2811 and 9?
3
Calculate the highest common divisor of 29177 and 163.
163
Calculate the highest common divisor of 50 and 1100.
50
Calculate the highest common factor of 3302 and 403.
13
What is the highest common divisor of 72 and 162?
18
Calculate the highest common factor of 24037 and 39.
13
Calculate the greatest common factor of 72 and 2556.
36
What is the highest common factor of 999 and 27?
27
Calculate the highest common divisor of 286 and 26.
26
What is the highest common divisor of 324 and 4?
4
What is the greatest common factor of 75 and 1725?
75
What is the highest common divisor of 16 and 35168?
16
Calculate the greatest common factor of 17412 and 12.
12
Calculate the greatest common factor of 4654 and 1253.
179
Calculate the greatest common factor of 26 and 55978.
26
Calculate the greatest common factor of 30 and 2880.
30
Calculate the greatest common factor of 9945 and 9.
9
Calculate the greatest common factor of 20 and 850.
10
What is the greatest common divisor of 405 and 5205?
15
What is the greatest common factor of 6237 and 462?
231
Calculate the highest common divisor of 45 and 5.
5
What is the highest common factor of 74236 and 268?
268
Calculate the greatest common divisor of 456 and 36.
12
What is the highest common factor of 62 and 124?
62
Calculate the highest common divisor of 16 and 6384.
16
Calculate the highest common factor of 160 and 24.
8
Calculate the highest common factor of 3699 and 45.
9
What is the highest common divisor of 456 and 513?
57
What is the highest common factor of 70 and 1876?
14
Calculate the highest common factor of 87 and 5742.
87
What is the greatest common divisor of 21328 and 620?
124
Calculate the highest common factor of 35 and 395.
5
What is the highest common divisor of 57 and 152?
19
What is the greatest common factor of 2800 and 850?
50
What is the highest common divisor of 3157 and 11?
11
Calculate the highest common divisor of 192 and 36.
12
Calculate the highest common factor of 225 and 775.
25
Calculate the greatest common divisor of 2480 and 10.
10
Calculate the greatest common divisor of 246 and 10.
2
Calculate the highest common factor of 31 and 248.
31
What is the greatest common divisor of 906 and 6?
6
Calculate the highest common factor of 354 and 59.
59
What is the greatest common divisor of 69 and 230?
23
Calculate the highest common divisor of 154 and 56.
14
What is the highest common factor of 120 and 105?
15
What is the greatest common divisor of 420 and 60?
60
Calculate the greatest common factor of 20 and 500.
20
What is the greatest common factor of 6 and 1542?
6
Calculate the greatest common divisor of 15 and 225.
15
What is the highest common divisor of 30 and 465?
15
Calculate the highest common factor of 1970 and 30.
10
What is the greatest common factor of 11 and 8?
1
What is the greatest common factor of 33480 and 54?
54
Calculate the greatest common factor of 12 and 393.
3
Calculate the highest common factor of 119 and 35.
7
Calculate the greatest common divisor of 129 and